{"id":937,"date":"2025-03-18T09:50:20","date_gmt":"2025-03-18T09:50:20","guid":{"rendered":"https:\/\/www.comarcadelaranda.com\/?page_id=937"},"modified":"2025-03-18T10:09:25","modified_gmt":"2025-03-18T10:09:25","slug":"aviso-legal","status":"publish","type":"page","link":"https:\/\/www.comarcadelaranda.com\/index.php\/aviso-legal\/","title":{"rendered":"Aviso legal"},"content":{"rendered":"\t\t<div data-elementor-type=\"wp-page\" data-elementor-id=\"937\" class=\"elementor elementor-937\" data-elementor-post-type=\"page\">\n\t\t\t\t<div class=\"elementor-element elementor-element-9214db3 e-flex e-con-boxed e-con e-parent\" data-id=\"9214db3\" data-element_type=\"container\">\n\t\t\t\t\t<div class=\"e-con-inner\">\n\t\t\t\t<div class=\"elementor-element elementor-element-da38b86 elementor-widget elementor-widget-text-editor\" data-id=\"da38b86\" data-element_type=\"widget\" data-widget_type=\"text-editor.default\">\n\t\t\t\t<div class=\"elementor-widget-container\">\n\t\t\t\t\t\t\t\t\t<header><h1>Aviso legal<\/h1><\/header><div><p>Bienvenidos al sitio web www.lacomarcadelaranda.com\u00a0 propiedad de <b>La Comarca del Aranda<\/b> con CIF:<span style=\"color: var( --e-global-color-text ); font-family: var( --e-global-typography-text-font-family ), Sans-serif; font-weight: var( --e-global-typography-text-font-weight ); text-align: var(--text-align); background-color: var(--ast-global-color-4); font-size: 1rem;\">P-5.000.025-F\u00a0<\/span><span style=\"font-style: inherit; font-weight: inherit; color: var( --e-global-color-text ); font-family: var( --e-global-typography-text-font-family ), Sans-serif; text-align: var(--text-align); background-color: var(--ast-global-color-4);\">para dar cumplimiento con lo establecido en la Ley 34\/2002, de 11 de julio, de servicios de sociedad de la informaci\u00f3n y de comercio electr\u00f3nico. A continuaci\u00f3n, se indica la informaci\u00f3n general y se establece la cuenta de correo electr\u00f3nico\u00a0<\/span><span style=\"color: var( --e-global-color-text ); font-family: var( --e-global-typography-text-font-family ), Sans-serif; font-weight: var( --e-global-typography-text-font-weight ); text-align: var(--text-align); background-color: var(--ast-global-color-4); font-size: 1rem;\">informacion@comarcadelaranda.com<\/span><span style=\"background-color: var(--ast-global-color-4); color: var( --e-global-color-text ); font-family: var( --e-global-typography-text-font-family ), Sans-serif; font-style: inherit; font-weight: inherit; text-align: var(--text-align);\">, como medio principal de comunicaci\u00f3n:<\/span><\/p><p><b>La Comarca del Aranda<\/b> (<span style=\"color: var( --e-global-color-text ); font-family: var( --e-global-typography-text-font-family ), Sans-serif; font-weight: var( --e-global-typography-text-font-weight ); text-align: var(--text-align); background-color: var(--ast-global-color-4); font-size: 1rem;\">P-5.000.025-F<\/span><span style=\"font-style: inherit; font-weight: inherit; color: var( --e-global-color-text ); font-family: var( --e-global-typography-text-font-family ), Sans-serif; text-align: var(--text-align); background-color: var(--ast-global-color-4);\">)\u00a0<\/span><span style=\"color: var( --e-global-color-text ); font-family: var( --e-global-typography-text-font-family ), Sans-serif; font-weight: var( --e-global-typography-text-font-weight ); text-align: var(--text-align); background-color: var(--ast-global-color-4); font-size: 1rem;\">Plaza del Castillo s\/n. 50250. Illueca, (Zaragoza).<\/span><\/p><h2 data-kb-block=\"kb-adv-heading104912_3aa9f5-a2\">Condiciones de uso<\/h2><p>Las condiciones expuestas est\u00e1n sujetas a cambios y actualizaciones por lo que la versi\u00f3n publicada por\u00a0<span style=\"font-weight: bold; color: var( --e-global-color-text ); font-family: var( --e-global-typography-text-font-family ), Sans-serif; text-align: var(--text-align); background-color: var(--ast-global-color-4); font-size: 1rem;\">La Comarca del Aranda<\/span><span style=\"font-style: inherit; font-weight: inherit; color: var( --e-global-color-text ); font-family: var( --e-global-typography-text-font-family ), Sans-serif; text-align: var(--text-align); background-color: var(--ast-global-color-4);\">\u00a0puede ser diferente en el momento en que el usuario acceda al sitio web. Por tanto, el usuario debe leer y aceptar que entiende el aviso legal en todas las p\u00e1ginas que visite del sitio web, pudiendo ejercer sus derechos en la cuenta de correo arriba indicada en caso de incomprensi\u00f3n u oposici\u00f3n. Se entiende que en caso de no ejercer dichos derechos consiente que ENTIENDE y ACEPTA EXPL\u00cdCITA E INEQU\u00cdVOCAMENTE las condiciones de este sitio web.Si el usuario no estuviera conforme con las cl\u00e1usulas y condiciones de uso de este aviso legal, se abstendr\u00e1 de utilizar la p\u00e1gina web.<\/span><\/p><p>Las presentes condiciones regulan el uso del sitio web donde se facilita al p\u00fablico informaci\u00f3n relativa a los servicios de\u00a0<span style=\"font-weight: bold; color: var( --e-global-color-text ); font-family: var( --e-global-typography-text-font-family ), Sans-serif; text-align: var(--text-align); background-color: var(--ast-global-color-4); font-size: 1rem;\">La Comarca del Aranda<\/span><span style=\"font-style: inherit; font-weight: inherit; color: var( --e-global-color-text ); font-family: var( --e-global-typography-text-font-family ), Sans-serif; text-align: var(--text-align); background-color: var(--ast-global-color-4);\">. El hecho de acceder a este sitio web y utilizar los materiales contenidos en \u00e9l implica que el usuario ha le\u00eddo y acepta, sin reserva alguna, estas condiciones. Este sitio web contiene informaci\u00f3n y otros contenidos que pueden ser modificados, desarrollados o actualizados en cualquier momento sin notificaci\u00f3n previa.<\/span><\/p><p>La simple y mera utilizaci\u00f3n del sitio web le otorga la condici\u00f3n de usuario del mismo, sea persona f\u00edsica o jur\u00eddica y obligatoriamente implica la aceptaci\u00f3n completa, plena y sin reservas de todas y cada una de las cl\u00e1usulas y condiciones generales incluidas en el aviso legal. De acuerdo a lo dispuesto le informamos que el usuario no podr\u00e1:<\/p><p>Suprimir, manipular o de cualquier forma alterar el \u00abcopyright\u00bb y dem\u00e1s datos identificativos de la reserva de derechos de sus titulares, de las huellas y\/o identificadores digitales, o de cualesquiera otros medios t\u00e9cnicos establecidos para su reconocimiento.<\/p><p>Reproducir, copiar, distribuir, comunicar p\u00fablicamente, transformar o modificar los contenidos, a menos que se cuente con la autorizaci\u00f3n escrita y expl\u00edcita de\u00a0<span style=\"font-weight: bold; color: var( --e-global-color-text ); font-family: var( --e-global-typography-text-font-family ), Sans-serif; text-align: var(--text-align); background-color: var(--ast-global-color-4); font-size: 1rem;\">La Comarca del Aranda<\/span><span style=\"font-style: inherit; font-weight: inherit; color: var( --e-global-color-text ); font-family: var( --e-global-typography-text-font-family ), Sans-serif; text-align: var(--text-align); background-color: var(--ast-global-color-4);\">, que es titular de los correspondientes derechos, o bien que ello resulte legalmente permitido.<\/span><\/p><h2 data-kb-block=\"kb-adv-heading104912_2cd900-f2\">Derechos de propiedad intelectual e industrial<\/h2><p>La totalidad del contenido de este sitio web, entendiendo por contenido a t\u00edtulo meramente enunciativo, textos, im\u00e1genes, ficheros, fotograf\u00edas, logotipos, gr\u00e1ficos, marcas, iconos, combinaciones de colores, o cualquier otro elemento, su estructura y dise\u00f1o, la selecci\u00f3n y forma de presentaci\u00f3n de los materiales incluidos en la misma, y el software, links y dem\u00e1s contenidos audiovisuales o sonoros, as\u00ed como su dise\u00f1o gr\u00e1fico y c\u00f3digos fuente necesarios para su funcionamiento, acceso y utilizaci\u00f3n, est\u00e1n protegidos por derechos de propiedad industrial e intelectual, titularidad de terceros, sin que puedan entenderse cedidos los derechos de explotaci\u00f3n sobre los mismos m\u00e1s all\u00e1 de lo estrictamente necesario para el correcto uso del sitio web.<\/p><p>Queda prohibido descompilar, desensamblar, realizar ingenier\u00eda inversa, sublicenciar o transmitir de cualquier modo, traducir o realizar obras derivadas de los programas de ordenador necesarios para el funcionamiento, acceso y utilizaci\u00f3n de este sitio web y los servicios en \u00e9l contenidos. El usuario del sitio web deber\u00e1 abstenerse en todo caso de suprimir, alterar, eludir o manipular cualquiera de los dispositivos de protecci\u00f3n o sistemas de seguridad que puedan estar instalados en el mismo.<\/p><p>Las marcas, nombres comerciales o signos distintivos son titularidad de\u00a0<span style=\"font-weight: bold; color: var( --e-global-color-text ); font-family: var( --e-global-typography-text-font-family ), Sans-serif; text-align: var(--text-align); background-color: var(--ast-global-color-4); font-size: 1rem;\">La Comarca del Aranda<\/span><span style=\"font-style: inherit; font-weight: inherit; color: var( --e-global-color-text ); font-family: var( --e-global-typography-text-font-family ), Sans-serif; text-align: var(--text-align); background-color: var(--ast-global-color-4);\">\u00a0o de terceros, sin que pueda entenderse que el acceso al sitio web atribuya ning\u00fan derecho sobre las citadas marcas, nombres comerciales y \/ o signos distintivos.<\/span><\/p><h2 data-kb-block=\"kb-adv-heading104912_f73d25-44\">Enlaces<\/h2><p>Los enlaces que contiene este sitio web pueden conducir al usuario a otros sitios y p\u00e1ginas web gestionados por terceros, sobre los que no ejerce ning\u00fan tipo de control, no responde ni de los contenidos ni del estado de dichos sitios y p\u00e1ginas web, y el acceso a las mismas a trav\u00e9s de este sitio web tampoco implica que se recomiende o apruebe sus contenidos.<\/p><p>Aquellas personas que se propongan establecer hiperenlaces entre su sitio web y este portal, deber\u00e1n cumplir las siguientes condiciones:<\/p><p>\u2013 No ser\u00e1 necesaria autorizaci\u00f3n previa cuando el hiperenlace permita \u00fanicamente el acceso a la p\u00e1gina de inicio, pero no podr\u00e1 reproducirla de ninguna forma. Cualquier otra forma de hiperenlace requerir\u00e1 la autorizaci\u00f3n expresa e inequ\u00edvoca por escrito por parte de\u00a0<span style=\"font-weight: bold; color: var( --e-global-color-text ); font-family: var( --e-global-typography-text-font-family ), Sans-serif; text-align: var(--text-align); background-color: var(--ast-global-color-4); font-size: 1rem;\">La Comarca del Aranda<\/span><span style=\"font-style: inherit; font-weight: inherit; color: var( --e-global-color-text ); font-family: var( --e-global-typography-text-font-family ), Sans-serif; text-align: var(--text-align); background-color: var(--ast-global-color-4);\">.<\/span><\/p><p>\u2013 No se realizar\u00e1n manifestaciones falsas u ofensivas sobre\u00a0<span style=\"font-weight: bold; color: var( --e-global-color-text ); font-family: var( --e-global-typography-text-font-family ), Sans-serif; text-align: var(--text-align); background-color: var(--ast-global-color-4); font-size: 1rem;\">La Comarca del Aranda<\/span><span style=\"font-style: inherit; font-weight: inherit; color: var( --e-global-color-text ); font-family: var( --e-global-typography-text-font-family ), Sans-serif; text-align: var(--text-align); background-color: var(--ast-global-color-4);\">\u00a0personal ni terceros relacionados con este sitio web ni de los contenidos suministrados.<\/span><\/p><p>\u2013 Bajo ning\u00fan concepto se mencionar\u00e1 ni insinuar\u00e1 que ha supervisado ni ha autorizado el hiperenlace puesto a disposici\u00f3n de la p\u00e1gina web a la que redirecciona el hiperenlace. S\u00f3lo podr\u00e1 contener lo estrictamente necesario para identificar el destino del hiperenlace.<\/p><p>\u2013 El sitio web en la que se establezca el hiperenlace no contendr\u00e1 informaciones o contenidos il\u00edcitos, contrarios a la \u00e9tica y moral y al orden p\u00fablico, ni contendr\u00e1 contenidos contrarios a cualesquiera derechos de terceros.<\/p><p>\u2013 En el supuesto de que el usuario considere que existe un sitio enlazado que remite a un sitio web cuyos contenidos son il\u00edcitos, nocivos, denigrantes o violentos, se solicita que sea comunicado a trav\u00e9s de la cuenta de correo\u00a0<span style=\"color: var( --e-global-color-text ); font-family: var( --e-global-typography-text-font-family ), Sans-serif; font-weight: var( --e-global-typography-text-font-weight ); text-align: var(--text-align); background-color: var(--ast-global-color-4); font-size: 1rem;\">informacion@comarcadelaranda.com\u00a0<\/span><span style=\"font-style: inherit; font-weight: inherit; color: var( --e-global-color-text ); font-family: var( --e-global-typography-text-font-family ), Sans-serif; text-align: var(--text-align); background-color: var(--ast-global-color-4);\">o bien por los cauces legales. Los hiperenlaces no implican que se tenga ninguna relaci\u00f3n entre ambos sitios web, ni que se haya dado ning\u00fan tipo de consentimiento de uso a priori por lo que la responsabilidad final ser\u00e1 del receptor del contenido de este sitio web.<\/span><\/p><h2 data-kb-block=\"kb-adv-heading104912_e1d653-8c\">Modificaciones<\/h2><p>Con el fin de mejorar el sitio web, se reserva el derecho, en cualquier momento y sin previa notificaci\u00f3n, a modificar, ampliar o suspender temporalmente la presentaci\u00f3n, configuraci\u00f3n, especificaciones t\u00e9cnicas y servicios del sitio web, de forma unilateral. Asimismo se reserva el derecho de modificar en cualquier momento las presentes condiciones de uso as\u00ed como otras condiciones particulares.<\/p><h2 data-kb-block=\"kb-adv-heading104912_9aa6f5-da\">Exclusi\u00f3n de responsabilidad<\/h2><p>Quien utiliza este sitio web, lo hace por su propia cuenta y riesgo.\u00a0<span style=\"color: var( --e-global-color-text ); font-family: var( --e-global-typography-text-font-family ), Sans-serif; font-weight: var( --e-global-typography-text-font-weight ); text-align: var(--text-align); background-color: var(--ast-global-color-4); font-size: 1rem;\">\u00a0<\/span><span style=\"color: var( --e-global-color-text ); font-family: var( --e-global-typography-text-font-family ), Sans-serif; text-align: var(--text-align); font-size: 1rem; font-weight: bold; background-color: var(--ast-global-color-4);\">La Comarca del Aranda<\/span><span style=\"font-style: inherit; font-weight: inherit; color: var( --e-global-color-text ); font-family: var( --e-global-typography-text-font-family ), Sans-serif; text-align: var(--text-align); background-color: var(--ast-global-color-4);\">, sus socios, colaboradores, empleados y representantes no se responsabilizan de los errores u omisiones de los que pudieran adolecer los contenidos de este sitio web u otros contenidos a los que se pueda acceder a trav\u00e9s de la misma.\u00a0<\/span><span style=\"color: var( --e-global-color-text ); font-family: var( --e-global-typography-text-font-family ), Sans-serif; font-weight: var( --e-global-typography-text-font-weight ); text-align: var(--text-align); background-color: var(--ast-global-color-4); font-size: 1rem;\">\u00a0<\/span><span style=\"color: var( --e-global-color-text ); font-family: var( --e-global-typography-text-font-family ), Sans-serif; text-align: var(--text-align); font-size: 1rem; font-weight: bold; background-color: var(--ast-global-color-4);\">La Comarca del Aranda<\/span><span style=\"color: var( --e-global-color-text ); font-family: var( --e-global-typography-text-font-family ), Sans-serif; font-weight: inherit; text-align: var(--text-align); font-size: 1rem; font-style: inherit; background-color: var(--ast-global-color-4);\">\u00a0<\/span><span style=\"background-color: var(--ast-global-color-4); color: var( --e-global-color-text ); font-family: var( --e-global-typography-text-font-family ), Sans-serif; font-style: inherit; font-weight: inherit; text-align: var(--text-align);\">, sus socios, colaboradores, empleados y representantes tampoco podr\u00e1n ser considerados responsables por los da\u00f1os derivados de la utilizaci\u00f3n de este sitio web, ni por cualquier actuaci\u00f3n realizada sobre la base de la informaci\u00f3n que en ella se facilita.<\/span><\/p><p>La informaci\u00f3n de este sitio web se proporciona sin garant\u00eda de ninguna clase, ni expl\u00edcita ni impl\u00edcita, y podr\u00e1 cambiarse o actualizarse sin previo aviso, no garantiza la ausencia de virus, gusanos u otros elementos inform\u00e1ticos lesivos que pudieran causar da\u00f1os o alteraciones en el sistema inform\u00e1tico, los documentos electr\u00f3nicos o los ficheros del usuario de este sitio web. En consecuencia, no responde por los da\u00f1os y perjuicios que tales elementos pudieran ocasionar al usuario o a terceros. Asimismo, no se responsabiliza ni garantiza la disponibilidad y continuidad en el acceso a este sitio web o que el mismo est\u00e9 libre de errores, correspondiendo al usuario del sitio web, en cualquier caso, la obligaci\u00f3n de disponer herramientas adecuadas para la detecci\u00f3n y desinfecci\u00f3n de programas inform\u00e1ticos da\u00f1inos o lesivos.<\/p><p>El usuario responder\u00e1 de los da\u00f1os y perjuicios de toda naturaleza que pueda sufrir como consecuencia del incumplimiento de cualquiera de las obligaciones a que queda sometido por las presentes condiciones. El usuario es consciente y acepta voluntariamente que el uso de cualquier contenido de este sitio web, en todo caso, se hace bajo su \u00fanica y exclusiva responsabilidad.<\/p><h2 data-kb-block=\"kb-adv-heading104912_668337-03\">Principios y normas de participaci\u00f3n en los comentarios<\/h2><p><span style=\"color: var( --e-global-color-text ); font-family: var( --e-global-typography-text-font-family ), Sans-serif; text-align: var(--text-align); font-size: 1rem; font-weight: bold; background-color: var(--ast-global-color-4);\">La Comarca del Aranda<\/span><span style=\"color: var( --e-global-color-text ); font-family: var( --e-global-typography-text-font-family ), Sans-serif; font-weight: inherit; text-align: var(--text-align); font-size: 1rem; font-style: inherit; background-color: var(--ast-global-color-4);\">\u00a0<\/span><span style=\"font-style: inherit; font-weight: inherit; color: var( --e-global-color-text ); font-family: var( --e-global-typography-text-font-family ), Sans-serif; text-align: var(--text-align); background-color: var(--ast-global-color-4);\">\u00a0quiere favorecer la participaci\u00f3n de los lectores a trav\u00e9s de comentarios en los contenidos que publica en su web. El objetivo es ofrecer al lector una plataforma de debate y discusi\u00f3n amparada por los siguientes principios:<\/span><\/p><p>Para comentar en\u00a0<span style=\"color: var( --e-global-color-text ); font-family: var( --e-global-typography-text-font-family ), Sans-serif; text-align: var(--text-align); font-size: 1rem; font-weight: bold; background-color: var(--ast-global-color-4);\">La Comarca del Aranda,<\/span><span style=\"font-style: inherit; font-weight: inherit; color: var( --e-global-color-text ); font-family: var( --e-global-typography-text-font-family ), Sans-serif; text-align: var(--text-align); background-color: var(--ast-global-color-4);\">\u00a0el autor deber\u00e1 identificarse con un nombre y correo electr\u00f3nico. La direcci\u00f3n de correo electr\u00f3nico no ser\u00e1 mostrada p\u00fablicamente.<\/span><\/p><p>La pol\u00edtica de moderaci\u00f3n garantizar\u00e1 la calidad del debate. El peri\u00f3dico digital ser\u00e1 estricto a la hora de rechazar opiniones insultantes, xen\u00f3fobas, racistas, hom\u00f3fobas, difamatorias o de cualquier otra \u00edndole que se consideren inaceptables.<\/p><p>La discrepancia y los diferentes puntos de vista son elementos b\u00e1sicos del debate. Los insultos, ataques personales, descalificaciones o cualquier expresi\u00f3n o contenido que se aleje de los cauces correctos de discusi\u00f3n ser\u00e1n eliminados.<\/p><p>Los mensajes publicitarios ser\u00e1n rechazados.<\/p><p><span style=\"color: var( --e-global-color-text ); font-family: var( --e-global-typography-text-font-family ), Sans-serif; font-weight: var( --e-global-typography-text-font-weight ); text-align: var(--text-align); background-color: var(--ast-global-color-4); font-size: 1rem;\">\u00a0<\/span><span style=\"color: var( --e-global-color-text ); font-family: var( --e-global-typography-text-font-family ), Sans-serif; text-align: var(--text-align); font-size: 1rem; font-weight: bold; background-color: var(--ast-global-color-4);\">La Comarca del Aranda<\/span><span style=\"color: var( --e-global-color-text ); font-family: var( --e-global-typography-text-font-family ), Sans-serif; font-weight: inherit; text-align: var(--text-align); font-size: 1rem; font-style: inherit; background-color: var(--ast-global-color-4);\">\u00a0<\/span>\u00a0se reserva el derecho de eliminar comentarios que considere inadecuados y de expulsar a aquellas personas que incumplan estas normas.<\/p><h2 data-kb-block=\"kb-adv-heading104912_df9c27-10\">Legislaci\u00f3n y jurisdicci\u00f3n aplicables<\/h2><p>La lengua de contrataci\u00f3n es el espa\u00f1ol. Las presentes condiciones generales se interpretar\u00e1n conforme a la legislaci\u00f3n vigente en Espa\u00f1a en la materia que se aplicar\u00e1 subsidiariamente en todo lo que no se haya previsto en las mismas (b\u00e1sicamente Ley 34\/2002 de 11 de julio de servicios de la informaci\u00f3n y comercio electr\u00f3nico). Los t\u00e9rminos, condiciones y dem\u00e1s documentos de se regir\u00e1n por la legislaci\u00f3n espa\u00f1ola.<\/p><p>El propietario del sitio web y el usuario, con renuncia expresa a cualquier otro fuero que pudiera corresponderles (inclusive aquellos usuarios que se conecten desde cualquier otro pa\u00eds de la Comunidad Europea as\u00ed como terceros pa\u00edses), se someten a la Jurisdicci\u00f3n de los Juzgados y Tribunales de Teruel, para cuantas cuestiones pudieran suscitarse o acciones ejercitarse derivadas de la prestaci\u00f3n del servicio del sitio web y de sus servicios y contenidos y sobre la interpretaci\u00f3n, aplicaci\u00f3n, cumplimiento o incumplimiento de lo aqu\u00ed establecido.<\/p><\/div><p>.<\/p>\t\t\t\t\t\t\t\t<\/div>\n\t\t\t\t<\/div>\n\t\t\t\t\t<\/div>\n\t\t\t\t<\/div>\n\t\t\t\t<\/div>\n\t\t","protected":false},"excerpt":{"rendered":"<p>Aviso legal Bienvenidos al sitio web www.lacomarcadelaranda.com\u00a0 propiedad de La Comarca del Aranda con CIF:P-5.000.025-F\u00a0para dar cumplimiento con lo establecido en la Ley 34\/2002, de 11 de julio, de servicios [&hellip;]<\/p>\n","protected":false},"author":1,"featured_media":0,"parent":0,"menu_order":0,"comment_status":"closed","ping_status":"closed","template":"","meta":{"site-sidebar-layout":"no-sidebar","site-content-layout":"","ast-site-content-layout":"full-width-container","site-content-style":"default","site-sidebar-style":"default","ast-global-header-display":"","ast-banner-title-visibility":"","ast-main-header-display":"","ast-hfb-above-header-display":"","ast-hfb-below-header-display":"","ast-hfb-mobile-header-display":"","site-post-title":"disabled","ast-breadcrumbs-content":"","ast-featured-img":"disabled","footer-sml-layout":"","theme-transparent-header-meta":"","adv-header-id-meta":"","stick-header-meta":"","header-above-stick-meta":"","header-main-stick-meta":"","header-below-stick-meta":"","astra-migrate-meta-layouts":"default","ast-page-background-enabled":"default","ast-page-background-meta":{"desktop":{"background-color":"var(--ast-global-color-5)","background-image":"","background-repeat":"repeat","background-position":"center center","background-size":"auto","background-attachment":"scroll","background-type":"","background-media":"","overlay-type":"","overlay-color":"","overlay-opacity":"","overlay-gradient":""},"tablet":{"background-color":"","background-image":"","background-repeat":"repeat","background-position":"center center","background-size":"auto","background-attachment":"scroll","background-type":"","background-media":"","overlay-type":"","overlay-color":"","overlay-opacity":"","overlay-gradient":""},"mobile":{"background-color":"","background-image":"","background-repeat":"repeat","background-position":"center center","background-size":"auto","background-attachment":"scroll","background-type":"","background-media":"","overlay-type":"","overlay-color":"","overlay-opacity":"","overlay-gradient":""}},"ast-content-background-meta":{"desktop":{"background-color":"var(--ast-global-color-4)","background-image":"","background-repeat":"repeat","background-position":"center center","background-size":"auto","background-attachment":"scroll","background-type":"","background-media":"","overlay-type":"","overlay-color":"","overlay-opacity":"","overlay-gradient":""},"tablet":{"background-color":"var(--ast-global-color-4)","background-image":"","background-repeat":"repeat","background-position":"center center","background-size":"auto","background-attachment":"scroll","background-type":"","background-media":"","overlay-type":"","overlay-color":"","overlay-opacity":"","overlay-gradient":""},"mobile":{"background-color":"var(--ast-global-color-4)","background-image":"","background-repeat":"repeat","background-position":"center center","background-size":"auto","background-attachment":"scroll","background-type":"","background-media":"","overlay-type":"","overlay-color":"","overlay-opacity":"","overlay-gradient":""}},"footnotes":""},"class_list":["post-937","page","type-page","status-publish","hentry"],"_links":{"self":[{"href":"https:\/\/www.comarcadelaranda.com\/index.php\/wp-json\/wp\/v2\/pages\/937","targetHints":{"allow":["GET"]}}],"collection":[{"href":"https:\/\/www.comarcadelaranda.com\/index.php\/wp-json\/wp\/v2\/pages"}],"about":[{"href":"https:\/\/www.comarcadelaranda.com\/index.php\/wp-json\/wp\/v2\/types\/page"}],"author":[{"embeddable":true,"href":"https:\/\/www.comarcadelaranda.com\/index.php\/wp-json\/wp\/v2\/users\/1"}],"replies":[{"embeddable":true,"href":"https:\/\/www.comarcadelaranda.com\/index.php\/wp-json\/wp\/v2\/comments?post=937"}],"version-history":[{"count":7,"href":"https:\/\/www.comarcadelaranda.com\/index.php\/wp-json\/wp\/v2\/pages\/937\/revisions"}],"predecessor-version":[{"id":950,"href":"https:\/\/www.comarcadelaranda.com\/index.php\/wp-json\/wp\/v2\/pages\/937\/revisions\/950"}],"wp:attachment":[{"href":"https:\/\/www.comarcadelaranda.com\/index.php\/wp-json\/wp\/v2\/media?parent=937"}],"curies":[{"name":"wp","href":"https:\/\/api.w.org\/{rel}","templated":true}]}}